{"id":3307,"date":"2019-05-24T06:49:04","date_gmt":"2019-05-24T06:49:04","guid":{"rendered":"https:\/\/www.dwtool.com\/?product=ast-fz35a-kuhler-adapter-fur-ford-mercedes-nissan-cadillac-international"},"modified":"2025-10-07T06:45:30","modified_gmt":"2025-10-07T06:45:30","slug":"ast-fz35a-kuhler-adapter-fur-ford-mercedes-nissan-cadillac-international","status":"publish","type":"product","link":"https:\/\/www.dwtool.com\/?product=ast-fz35a-kuhler-adapter-fur-ford-mercedes-nissan-cadillac-international","title":{"rendered":"Ast FZ35A K\u00fchler Adapter F\u00fcr Ford, Mercedes, Nissan, Cadillac, International"},"content":{"rendered":"<p><meta name=\"viewport\" content=\"width=device-width, initial-scale=1.0\"><\/p>\n<div style=\"background-color: white !important; border:1px solid #ccc !important; width: 90% !important; padding: 6px !important; margin: auto !important; text-align: left !important; font-size:14px !important; line-height:24px !important;\">Wenn Sie von dem US Marktplatz bestellen, k\u00f6nnen f\u00fcr die Pakete Steuern und Zollgeb\u00fchren anfallen, die der K\u00e4ufer sp\u00e4ter tragen muss.<\/p>\n<h2 style=\"font-size:18px !important;\">Ast FZ35A K\u00fchler Adapter F\u00fcr Ford, Mercedes, Nissan, Cadillac, International<\/h2>\n<div>Das Datenblatt dieses Produkts wurde urspr\u00fcnglich auf Englisch verfasst. Unten finden Sie eine automatische \u00dcbersetzung ins Deutsche. Sollten Sie irgendwelche Fragen haben, kontaktieren Sie uns.<\/div>\n<\/div>\n<p><html><head><\/head><body>K\u00fchladapter AST FZ35A<\/p>\n<p>Buick, Cadillac , Chevrolet Ford , Freightliner, GMC , International, Jaguar, Lincoln , Mercedes, Merkur, Nissan, Oldsmobile, Pontiac, Saturn und Sterling <\/p>\n<p>Innengewinde 52x 2,5 mm<\/p>\n<p>Zur Druckbeaufschlagung von K\u00fchlsystemen. <\/p>\n<table align=\"left\" border=\"0\" cellpadding=\"0\" cellspacing=\"0\" style=\"color: rgb(0, 0, 0);\" width=\"640\">\n<tbody>\n<tr>\n<td bgcolor=\"#333333\" class=\"BODY_DETAIL\">\n<div align=\"center\"><font size=\"2\"><i><br \/><\/i><\/font><\/div>\n<\/td>\n<td bgcolor=\"#333333\" class=\"BODY_DETAIL\"><font size=\"2\"><i><br \/><\/i><\/font><\/td>\n<\/tr>\n<tr>\n<td class=\"LINE3_APP_TABLE-RIGHT\"><i style=\"font-size: small;\">\u00a0Cadillac &#8211; CTS<\/i><br \/><i style=\"font-size: small;\">\u00a02003 &#8211; 2003<\/i><\/td>\n<td class=\"LINE3_APP_TABLE-RIGHT\">\n<div align=\"center\"><font size=\"2\"><i><br \/><\/i><\/font><\/div>\n<\/td>\n<\/tr>\n<tr>\n<td class=\"LINE3_APP_TABLE-RIGHT\"><i style=\"font-size: small;\">\u00a0Cadillac &#8211; Eskalade<\/i><br \/><i style=\"font-size: small;\">\u00a01999 &#8211; 1999<\/i><\/td>\n<td class=\"LINE3_APP_TABLE-RIGHT\">\n<div align=\"center\"><font size=\"2\"><i><br \/><\/i><\/font><\/div>\n<\/td>\n<\/tr>\n<tr>\n<td class=\"LINE3_APP_TABLE-RIGHT\"><i style=\"font-size: small;\">\u00a0Cadillac &#8211; Fleetwood<\/i><br \/><i style=\"font-size: small;\">\u00a01994 &#8211; 1996<\/i><\/td>\n<td class=\"LINE3_APP_TABLE-RIGHT\">\n<div align=\"center\"><font size=\"2\"><i><br \/><\/i><\/font><\/div>\n<\/td>\n<\/tr>\n<tr>\n<td class=\"LINE3_APP_TABLE-RIGHT\"><i style=\"font-size: small;\">\u00a0Cadillac &#8211; Sevilla<\/i><br \/><i style=\"font-size: small;\">\u00a01998 &#8211; 2003<\/i><\/td>\n<td class=\"LINE3_APP_TABLE-RIGHT\">\n<div align=\"center\"><font size=\"2\"><i><br \/><\/i><\/font><\/div>\n<\/td>\n<\/tr>\n<tr>\n<td class=\"LINE3_APP_TABLE-RIGHT\"><i style=\"font-size: small;\">\u00a0Chevrolet &#8211; Beretta<\/i><br \/><i style=\"font-size: small;\">\u00a01992 &#8211; 1996<\/i><\/td>\n<td class=\"LINE3_APP_TABLE-RIGHT\">\n<div align=\"center\"><font size=\"2\"><i><br \/><\/i><\/font><\/div>\n<\/td>\n<\/tr>\n<tr>\n<td class=\"LINE3_APP_TABLE-RIGHT\"><i style=\"font-size: small;\">\u00a0Chevrolet &#8211; Camaro<\/i><br \/><i style=\"font-size: small;\">\u00a01999 &#8211; 1999<\/i><\/td>\n<td class=\"LINE3_APP_TABLE-RIGHT\">\n<div align=\"center\"><font size=\"2\"><i><br \/><\/i><\/font><\/div>\n<\/td>\n<\/tr>\n<tr>\n<td class=\"LINE3_APP_TABLE-RIGHT\"><i style=\"font-size: small;\">\u00a0Chevrolet &#8211; Laune<\/i><br \/><i style=\"font-size: small;\">\u00a01995 &#8211; 1996<\/i><\/td>\n<td class=\"LINE3_APP_TABLE-RIGHT\">\n<div align=\"center\"><font size=\"2\"><i><br \/><\/i><\/font><\/div>\n<\/td>\n<\/tr>\n<tr>\n<td class=\"LINE3_APP_TABLE-RIGHT\"><i style=\"font-size: small;\">\u00a0Chevrolet &#8211; Kavalier<\/i><br \/><i style=\"font-size: small;\">\u00a01995 &#8211; 1999<\/i><\/td>\n<td class=\"LINE3_APP_TABLE-RIGHT\">\n<div align=\"center\"><font size=\"2\"><i><br \/><\/i><\/font><\/div>\n<\/td>\n<\/tr>\n<tr>\n<td class=\"LINE3_APP_TABLE-RIGHT\"><i style=\"font-size: small;\">\u00a0Chevrolet &#8211; Kobalt<\/i><br \/><i style=\"font-size: small;\">\u00a02005 &#8211; 2005<\/i><\/td>\n<td class=\"LINE3_APP_TABLE-RIGHT\">\n<div align=\"center\"><font size=\"2\"><i><br \/><\/i><\/font><\/div>\n<\/td>\n<\/tr>\n<tr>\n<td class=\"LINE3_APP_TABLE-RIGHT\"><i style=\"font-size: small;\">\u00a0Chevrolet &#8211; Colorado<\/i><\/td>\n<td class=\"LINE3_APP_TABLE-RIGHT\">\n<div align=\"center\"><font size=\"2\"><i><br \/><\/i><\/font><\/div>\n<\/td>\n<\/tr>\n<tr>\n<td class=\"LINE3_APP_TABLE-RIGHT\"><i style=\"font-size: small;\">\u00a0Chevrolet &#8211; Korsika<\/i><br \/><i style=\"font-size: small;\">\u00a01992 &#8211; 1996<\/i><\/td>\n<td class=\"LINE3_APP_TABLE-RIGHT\">\n<div align=\"center\"><font size=\"2\"><i><br \/><\/i><\/font><\/div>\n<\/td>\n<\/tr>\n<tr>\n<td class=\"LINE3_APP_TABLE-RIGHT\"><i style=\"font-size: small;\">\u00a0Chevrolet &#8211; Corvette<\/i><br \/><i style=\"font-size: small;\">\u00a01999 &#8211; 2011<\/i><\/td>\n<td class=\"LINE3_APP_TABLE-RIGHT\">\n<div align=\"center\"><font size=\"2\"><i><br \/><\/i><\/font><\/div>\n<\/td>\n<\/tr>\n<tr>\n<td class=\"LINE3_APP_TABLE-RIGHT\"><i style=\"font-size: small;\">\u00a0Chevrolet &#8211; Cruze<\/i><br \/><i style=\"font-size: small;\">\u00a02011<\/i><\/td>\n<td class=\"LINE3_APP_TABLE-RIGHT\">\n<div align=\"center\"><font size=\"2\"><i><br \/><\/i><\/font><\/div>\n<\/td>\n<\/tr>\n<tr>\n<td class=\"LINE3_APP_TABLE-RIGHT\"><i style=\"font-size: small;\">\u00a0Chevrolet &#8211; Ausdr\u00fccken<\/i><br \/><i style=\"font-size: small;\">\u00a02010 &#8211; 2011<\/i><\/td>\n<td class=\"LINE3_APP_TABLE-RIGHT\">\n<div align=\"center\"><font size=\"2\"><i><br \/><\/i><\/font><\/div>\n<\/td>\n<\/tr>\n<tr>\n<td class=\"LINE3_APP_TABLE-RIGHT\"><i style=\"font-size: small;\">\u00a0Chevrolet &#8211; Impala SS<\/i><br \/><i style=\"font-size: small;\">\u00a01994 &#8211; 1996<\/i><\/td>\n<td class=\"LINE3_APP_TABLE-RIGHT\">\n<div align=\"center\"><font size=\"2\"><i><br \/><\/i><\/font><\/div>\n<\/td>\n<\/tr>\n<tr>\n<td class=\"LINE3_APP_TABLE-RIGHT\"><i style=\"font-size: small;\">\u00a0Chevrolet &#8211; Malibu<\/i><br \/><i style=\"font-size: small;\">\u00a01997 &#8211; 1999<\/i><\/td>\n<td class=\"LINE3_APP_TABLE-RIGHT\">\n<div align=\"center\"><font size=\"2\"><i><br \/><\/i><\/font><\/div>\n<\/td>\n<\/tr>\n<tr>\n<td class=\"LINE3_APP_TABLE-RIGHT\"><i style=\"font-size: small;\">\u00a0Chevrolet &#8211; U-Bahn<\/i><br \/><i style=\"font-size: small;\">\u00a01999 &#8211; 1999<\/i><\/td>\n<td class=\"LINE3_APP_TABLE-RIGHT\">\n<div align=\"center\"><font size=\"2\"><i><br \/><\/i><\/font><\/div>\n<\/td>\n<\/tr>\n<tr>\n<td class=\"LINE3_APP_TABLE-RIGHT\"><i style=\"font-size: small;\">\u00a0Chevrolet &#8211; Prizm<\/i><br \/><i style=\"font-size: small;\">\u00a01999 &#8211; 1999<\/i><\/td>\n<td class=\"LINE3_APP_TABLE-RIGHT\">\n<div align=\"center\"><font size=\"2\"><i><br \/><\/i><\/font><\/div>\n<\/td>\n<\/tr>\n<tr>\n<td class=\"LINE3_APP_TABLE-RIGHT\"><i style=\"font-size: small;\">\u00a0Chevrolet &#8211; Silverado 1500<\/i><br \/><i style=\"font-size: small;\">\u00a01999 &#8211; 2011<\/i><\/td>\n<td class=\"LINE3_APP_TABLE-RIGHT\">\n<div align=\"center\"><font size=\"2\"><i><br \/><\/i><\/font><\/div>\n<\/td>\n<\/tr>\n<tr>\n<td class=\"LINE3_APP_TABLE-RIGHT\"><i style=\"font-size: small;\">\u00a0Chevrolet &#8211; Silverado 2500<\/i><br \/><i style=\"font-size: small;\">\u00a01999 &#8211; 2009<\/i><\/td>\n<td class=\"LINE3_APP_TABLE-RIGHT\">\n<div align=\"center\"><font size=\"2\"><i><br \/><\/i><\/font><\/div>\n<\/td>\n<\/tr>\n<tr>\n<td class=\"LINE3_APP_TABLE-RIGHT\"><i style=\"font-size: small;\">\u00a0Chevrolet &#8211; Vorstadt<\/i><br \/><i style=\"font-size: small;\">\u00a02000 &#8211; 2011<\/i><\/td>\n<td class=\"LINE3_APP_TABLE-RIGHT\">\n<div align=\"center\"><font size=\"2\"><i><br \/><\/i><\/font><\/div>\n<\/td>\n<\/tr>\n<tr>\n<td class=\"LINE3_APP_TABLE-RIGHT\"><i style=\"font-size: small;\">\u00a0Chevrolet &#8211; Tahoe<\/i><br \/><i style=\"font-size: small;\">\u00a01999 &#8211; 2011<\/i><\/td>\n<td class=\"LINE3_APP_TABLE-RIGHT\">\n<div align=\"center\"><font size=\"2\"><i><br \/><\/i><\/font><\/div>\n<\/td>\n<\/tr>\n<tr>\n<td class=\"LINE3_APP_TABLE-RIGHT\"><i style=\"font-size: small;\">\u00a0Chevrolet &#8211; Tracker<\/i><br \/><i style=\"font-size: small;\">\u00a01999 &#8211; 1999<\/i><\/td>\n<td class=\"LINE3_APP_TABLE-RIGHT\">\n<div align=\"center\"><font size=\"2\"><i><br \/><\/i><\/font><\/div>\n<\/td>\n<\/tr>\n<tr>\n<td class=\"LINE3_APP_TABLE-RIGHT\"><i style=\"font-size: small;\">\u00a0Chevrolet &#8211; Wegbereiter<\/i><br \/><i style=\"font-size: small;\">\u00a02001 &#8211; 2002<\/i><\/td>\n<td class=\"LINE3_APP_TABLE-RIGHT\">\n<div align=\"center\"><font size=\"2\"><i><br \/><\/i><\/font><\/div>\n<\/td>\n<\/tr>\n<tr>\n<td class=\"LINE3_APP_TABLE-RIGHT\"><i style=\"font-size: small;\">\u00a0Chevrolet &#8211; Van<\/i><br \/><i style=\"font-size: small;\">\u00a02007 &#8211; 2011<\/i><\/td>\n<td class=\"LINE3_APP_TABLE-RIGHT\">\n<div align=\"center\"><font size=\"2\"><i><br \/><\/i><\/font><\/div>\n<\/td>\n<\/tr>\n<tr>\n<td class=\"LINE3_APP_TABLE-RIGHT\"><i style=\"font-size: small;\">\u00a0Ford &#8211; Flucht<\/i><br \/><i style=\"font-size: small;\">\u00a02011<\/i><\/td>\n<td class=\"LINE3_APP_TABLE-RIGHT\">\n<div align=\"center\"><font size=\"2\"><i><br \/><\/i><\/font><\/div>\n<\/td>\n<\/tr>\n<tr>\n<td class=\"LINE3_APP_TABLE-RIGHT\"><i style=\"font-size: small;\">\u00a0Ford &#8211; Ausflug<\/i><br \/><i style=\"font-size: small;\">\u00a02002 &#8211; 2004<\/i><\/td>\n<td class=\"LINE3_APP_TABLE-RIGHT\">\n<div align=\"center\"><font size=\"2\"><i><br \/><\/i><\/font><\/div>\n<\/td>\n<\/tr>\n<tr>\n<td class=\"LINE3_APP_TABLE-RIGHT\"><i style=\"font-size: small;\">\u00a0Ford &#8211; Explorer<\/i><\/td>\n<td class=\"LINE3_APP_TABLE-RIGHT\">\n<div align=\"center\"><font size=\"2\"><i><br \/><\/i><\/font><\/div>\n<\/td>\n<\/tr>\n<tr>\n<td class=\"LINE3_APP_TABLE-RIGHT\"><i style=\"font-size: small;\">\u00a0Ford &#8211; F-150<\/i><br \/><i style=\"font-size: small;\">\u00a02004 &#8211; 2005<\/i><\/td>\n<td class=\"LINE3_APP_TABLE-RIGHT\">\n<div align=\"center\"><font size=\"2\"><i><br \/><\/i><\/font><\/div>\n<\/td>\n<\/tr>\n<tr>\n<td class=\"LINE3_APP_TABLE-RIGHT\"><i style=\"font-size: small;\">\u00a0Ford &#8211; F\u00fcnfhundert<\/i><br \/><i style=\"font-size: small;\">\u00a02005 &#8211; 2005<\/i><\/td>\n<td class=\"LINE3_APP_TABLE-RIGHT\">\n<div align=\"center\"><font size=\"2\"><i><br \/><\/i><\/font><\/div>\n<\/td>\n<\/tr>\n<tr>\n<td class=\"LINE3_APP_TABLE-RIGHT\"><i style=\"font-size: small;\">\u00a0Ford &#8211; Stier<\/i><br \/><i style=\"font-size: small;\">\u00a01996 &#8211; 2006<\/i><\/td>\n<td class=\"LINE3_APP_TABLE-RIGHT\">\n<div align=\"center\"><font size=\"2\"><i><br \/><\/i><\/font><\/div>\n<\/td>\n<\/tr>\n<tr>\n<td class=\"LINE3_APP_TABLE-RIGHT\"><i style=\"font-size: small;\">\u00a0Freightliner &#8211; Diesel Truck<\/i><br \/><i style=\"font-size: small;\">\u00a02004 &#8211; 2004<\/i><\/td>\n<td class=\"LINE3_APP_TABLE-RIGHT\">\n<div align=\"center\"><font size=\"2\"><i><br \/><\/i><\/font><\/div>\n<\/td>\n<\/tr>\n<tr>\n<td class=\"LINE3_APP_TABLE-RIGHT\"><i style=\"font-size: small;\">\u00a0GMC &#8211; Gesandter<\/i><br \/><i style=\"font-size: small;\">\u00a02002 &#8211; 2002<\/i><\/td>\n<td class=\"LINE3_APP_TABLE-RIGHT\">\n<div align=\"center\"><font size=\"2\"><i><br \/><\/i><\/font><\/div>\n<\/td>\n<\/tr>\n<tr>\n<td class=\"LINE3_APP_TABLE-RIGHT\"><i style=\"font-size: small;\">\u00a0GMC &#8211; Sierra 1500<\/i><br \/><i style=\"font-size: small;\">\u00a01999 &#8211; 2003<\/i><\/td>\n<td class=\"LINE3_APP_TABLE-RIGHT\">\n<div align=\"center\"><font size=\"2\"><i><br \/><\/i><\/font><\/div>\n<\/td>\n<\/tr>\n<tr>\n<td class=\"LINE3_APP_TABLE-RIGHT\"><i style=\"font-size: small;\">\u00a0GMC &#8211; Sierra 2500<\/i><br \/><i style=\"font-size: small;\">\u00a01999 &#8211; 2003<\/i><\/td>\n<td class=\"LINE3_APP_TABLE-RIGHT\">\n<div align=\"center\"><font size=\"2\"><i><br \/><\/i><\/font><\/div>\n<\/td>\n<\/tr>\n<tr>\n<td class=\"LINE3_APP_TABLE-RIGHT\"><i style=\"font-size: small;\">\u00a0GMC &#8211; Yukon<\/i><br \/><i style=\"font-size: small;\">\u00a01999 &#8211; 1999<\/i><\/td>\n<td class=\"LINE3_APP_TABLE-RIGHT\">\n<div align=\"center\"><font size=\"2\"><i><br \/><\/i><\/font><\/div>\n<\/td>\n<\/tr>\n<tr>\n<td class=\"LINE3_APP_TABLE-RIGHT\"><i style=\"font-size: small;\">\u00a0Jaguar &#8211; S Typ<\/i><br \/><i style=\"font-size: small;\">\u00a02000 &#8211; 2003<\/i><\/td>\n<td class=\"LINE3_APP_TABLE-RIGHT\">\n<div align=\"center\"><font size=\"2\"><i><br \/><\/i><\/font><\/div>\n<\/td>\n<\/tr>\n<tr>\n<td class=\"LINE3_APP_TABLE-RIGHT\"><i style=\"font-size: small;\">\u00a0Land Rover &#8211; Freelander<\/i><br \/><i style=\"font-size: small;\">\u00a02005 &#8211; 2005<\/i><\/td>\n<td class=\"LINE3_APP_TABLE-RIGHT\">\n<div align=\"center\"><font size=\"2\"><i><br \/><\/i><\/font><\/div>\n<\/td>\n<\/tr>\n<tr>\n<td class=\"LINE3_APP_TABLE-RIGHT\"><i style=\"font-size: small;\">\u00a0Land Rover &#8211; LR3<\/i><br \/><i style=\"font-size: small;\">\u00a02005 &#8211; 2007<\/i><\/td>\n<td class=\"LINE3_APP_TABLE-RIGHT\">\n<div align=\"center\"><font size=\"2\"><i><br \/><\/i><\/font><\/div>\n<\/td>\n<\/tr>\n<tr>\n<td class=\"LINE3_APP_TABLE-RIGHT\"><i style=\"font-size: small;\">\u00a0Oldsmobile &#8211; Achieva<\/i><br \/><i style=\"font-size: small;\">\u00a01992 &#8211; 1998<\/i><\/td>\n<td class=\"LINE3_APP_TABLE-RIGHT\">\n<div align=\"center\"><font size=\"2\"><i><br \/><\/i><\/font><\/div>\n<\/td>\n<\/tr>\n<tr>\n<td class=\"LINE3_APP_TABLE-RIGHT\"><i style=\"font-size: small;\">\u00a0Oldsmobile &#8211; Alero<\/i><br \/><i style=\"font-size: small;\">\u00a01999 &#8211; 1999<\/i><\/td>\n<td class=\"LINE3_APP_TABLE-RIGHT\">\n<div align=\"center\"><font size=\"2\"><i><br \/><\/i><\/font><\/div>\n<\/td>\n<\/tr>\n<tr>\n<td class=\"LINE3_APP_TABLE-RIGHT\"><i style=\"font-size: small;\">\u00a0Oldsmobile &#8211; Aurora<\/i><br \/><i style=\"font-size: small;\">\u00a01995 &#8211; 1999<\/i><\/td>\n<td class=\"LINE3_APP_TABLE-RIGHT\">\n<div align=\"center\"><font size=\"2\"><i><br \/><\/i><\/font><\/div>\n<\/td>\n<\/tr>\n<tr>\n<td class=\"LINE3_APP_TABLE-RIGHT\"><i style=\"font-size: small;\">\u00a0Oldsmobile &#8211; Entermesser<\/i><br \/><i style=\"font-size: small;\">\u00a01997 &#8211; 1998<\/i><\/td>\n<td class=\"LINE3_APP_TABLE-RIGHT\">\n<div align=\"center\"><font size=\"2\"><i><br \/><\/i><\/font><\/div>\n<\/td>\n<\/tr>\n<tr>\n<td class=\"LINE3_APP_TABLE-RIGHT\"><i style=\"font-size: small;\">\u00a0Oldsmobile &#8211; Intrige<\/i><br \/><i><font size=\"2\">\u00a01999 &#8211; 2000<\/font><\/i><\/td>\n<td class=\"LINE3_APP_TABLE-RIGHT\">\n<div align=\"center\"><font size=\"2\"><i><br \/><\/i><\/font><\/div>\n<\/td>\n<\/tr>\n<tr>\n<td class=\"LINE3_APP_TABLE-RIGHT\"><font size=\"2\"><i>\u00a0Pontiac &#8211; G6<\/i><br \/><i>\u00a02<\/i><i>005 &#8211; 2005<\/i><\/font><\/td>\n<td class=\"LINE3_APP_TABLE-RIGHT\">\n<div align=\"center\"><i><font size=\"2\"><br \/><\/font><\/i><\/div>\n<\/td>\n<\/tr>\n<tr>\n<td class=\"LINE3_APP_TABLE-RIGHT\"><font size=\"2\"><i>\u00a0Pontiac &#8211; Grand Am<\/i><br \/><i>\u00a01992 &#8211; 1999<\/i><\/font><\/td>\n<td class=\"LINE3_APP_TABLE-RIGHT\">\n<div align=\"center\"><i><font size=\"2\"><br \/><\/font><\/i><\/div>\n<\/td>\n<\/tr>\n<tr>\n<td class=\"LINE3_APP_TABLE-RIGHT\"><font size=\"2\"><i>\u00a0Pontiac &#8211; Sonnenfeuer<\/i><br \/><i>\u00a01995 &#8211; 1999<\/i><\/font><\/td>\n<td class=\"LINE3_APP_TABLE-RIGHT\">\n<div align=\"center\"><i><font size=\"2\"><br \/><\/font><\/i><\/div>\n<\/td>\n<\/tr>\n<tr>\n<td class=\"LINE3_APP_TABLE-RIGHT\"><font size=\"2\"><i>\u00a0Saturn &#8211; Ion<br \/><\/i><i>2005 &#8211; 2005<\/i><\/font><\/td>\n<td class=\"LINE3_APP_TABLE-RIGHT\">\n<div align=\"center\"><i><font size=\"2\"><br \/><\/font><\/i><\/div>\n<\/td>\n<\/tr>\n<tr>\n<td class=\"LINE3_APP_TABLE-RIGHT\"><i><font size=\"2\">\u00a0Saturn<br \/>\u00a01990 &#8211; 1999<\/font><\/i><\/td>\n<td class=\"LINE3_APP_TABLE-RIGHT\">\n<div align=\"center\"><i><font size=\"2\"><br \/><\/font><\/i><\/div>\n<\/td>\n<\/tr>\n<tr>\n<td class=\"LINE3_APP_TABLE-RIGHT\"><i><font size=\"2\">\u00a0Saturn &#8211; Vue<br \/>\u00a02003 &#8211; 2003<\/font><\/i><\/td>\n<td class=\"LINE3_APP_TABLE-RIGHT\">\n<div align=\"center\"><i><font size=\"1\"><br \/><\/font><\/i><\/div>\n<\/td>\n<\/tr>\n<\/tbody>\n<\/table>\n<p><i><\/p>\n<p><font color=\"#00429a\">Hergestellt in den USA <\/font><\/i><\/p>\n<p>Gepostet mit <a href=\"https:\/\/mobile.ebay.com\" target=\"_blank\">eBay Mobile<\/a><\/p>\n<p> <!-- VENDBASCTCTCTVENDBASCT --> <center> <\/center> <!-- VENDBASCTCTCTVENDBASCT --> <!--VGMVAGRVKGEVRGFST--><!-- GVAVLVLVEVRVYV --> <center> <\/center> <!--VGMVAGRVKGEVRGSND--><!--VGPVRGOVMGOVMGAVRGKVEGRVFST--><center> <img decoding=\"async\" height=\"33\" src=\"https:\/\/imagehost.vendio.com\/img\/logos\/free-gallery.gif\" vspace=\"2\" width=\"88\"\/><br \/> <a target=\"_blank\"><font color=\"#0000ff\" face=\"Verdana, Arial, Helvetica, sans-serif\" size=\"2\"><b><\/p>\n<div id=\"vgalcredit\">Klick hier. Verdoppeln Sie Ihren Verkehr. Holen Sie sich Vendio Gallery &#8211; jetzt KOSTENLOS!<\/div>\n<p><\/b><\/font><\/a><\/p>\n<p> <\/center> <!--VGPVRGOVMGOVMGAVRGKVEGRVSND--><\/p>\n<div style=\"display: none\">\n<div typeof=\"Product\" vocab=\"https:\/\/schema.org\/\"><span property=\"description\">\u00a0Cadillac &#8211; CTS \u00a02003 &#8211; 2003 \u00a01999 &#8211; 1999 \u00a01994 &#8211; 1996 \u00a01998 &#8211; 2003 \u00a01992 &#8211; 1996 \u00a01999 &#8211; 1999 \u00a01995 &#8211; 1996 \u00a01995 &#8211; 1999 \u00a02005 &#8211; 2005 \u00a01992 &#8211; 1996 \u00a01999 &#8211; 2011 \u00a02011 \u00a02010 &#8211; 2011 \u00a01994 &#8211; 1996 \u00a01997 &#8211; 1999 \u00a01999 &#8211; 1999 \u00a01999 &#8211; 1999 \u00a01999 &#8211; 2011 \u00a01999 &#8211; 2009 \u00a02000 &#8211; 2011 \u00a01999 &#8211; 2011 \u00a01999 &#8211; 1999 \u00a02001 &#8211; 2002 \u00a0Chevrolet &#8211; Van \u00a02007 &#8211; 2011 \u00a0Ford &#8211; Flucht \u00a02011 \u00a0Ford &#8211; Ausflug \u00a02002 &#8211; 2004 \u00a0Ford &#8211; F-150 \u00a02004 &#8211; 2005 \u00a02005 &#8211; 2005 \u00a0Ford &#8211; Stier \u00a01996 &#8211; 2006 \u00a02004 &#8211; 2004 \u00a02002 &#8211; 2002 \u00a01999 &#8211; 2003 \u00a01999 &#8211; 2003 \u00a0GMC &#8211; Yukon \u00a01999 &#8211; 1999 \u00a0Jaguar &#8211; S Typ \u00a02000 &#8211; 2003 \u00a02005 &#8211; 2005 \u00a02005 &#8211; 2007 \u00a01992 &#8211; 1998 \u00a01999 &#8211; 1999 \u00a01995 &#8211; 1999 \u00a01997 &#8211; 1998 \u00a01999 &#8211; 2000 \u00a0Pontiac &#8211; G6 \u00a02005 &#8211; 2005 \u00a01992 &#8211; 1999 \u00a01995 &#8211; 1999 \u00a0Saturn &#8211; Ion 2005 &#8211; 2005 \u00a0Saturn \u00a01990 &#8211; 1999 \u00a0Saturn &#8211; Vue \u00a02003 &#8211; 2003 <\/span><\/div>\n<\/div>\n<p><\/body><\/html><\/p>\n<table>\n<tbody>\n<tr>\n<td>Brand<\/td>\n<td>ASSENMACHER<\/td>\n<\/tr>\n<tr>\n<td>Manufacturer Part Number<\/td>\n<td>FZ 35A<\/td>\n<\/tr>\n<tr>\n<td>UPC<\/td>\n<td>Does not apply<\/td>\n<\/tr>\n<\/tbody>\n<\/table>\n","protected":false},"excerpt":{"rendered":"<p>Wenn Sie von dem US Marktplatz bestellen, k\u00f6nnen f\u00fcr die Pakete Steuern und Zollgeb\u00fchren anfallen, die der K\u00e4ufer sp\u00e4ter tragen muss. Ast FZ35A K\u00fchler Adapter F\u00fcr Ford, Mercedes, Nissan, Cadillac, International Das Datenblatt dieses Produkts wurde urspr\u00fcnglich auf Englisch verfasst. Unten finden Sie eine automatische \u00dcbersetzung ins Deutsche. Sollten Sie irgendwelche Fragen haben, kontaktieren Sie&#8230;<\/p>\n","protected":false},"featured_media":3308,"comment_status":"closed","ping_status":"closed","template":"","meta":[],"product_brand":[],"product_cat":[21],"product_tag":[],"class_list":{"0":"post-3307","1":"product","2":"type-product","3":"status-publish","4":"has-post-thumbnail","6":"product_cat-other","7":"pa_ean-nicht-zutreffend","8":"pa_herstellernummer-fz-35a","9":"pa_marke-assenmacher","11":"first","12":"instock","13":"taxable","14":"shipping-taxable","15":"purchasable","16":"product-type-simple"},"_links":{"self":[{"href":"https:\/\/www.dwtool.com\/index.php?rest_route=\/wp\/v2\/product\/3307","targetHints":{"allow":["GET"]}}],"collection":[{"href":"https:\/\/www.dwtool.com\/index.php?rest_route=\/wp\/v2\/product"}],"about":[{"href":"https:\/\/www.dwtool.com\/index.php?rest_route=\/wp\/v2\/types\/product"}],"replies":[{"embeddable":true,"href":"https:\/\/www.dwtool.com\/index.php?rest_route=%2Fwp%2Fv2%2Fcomments&post=3307"}],"wp:featuredmedia":[{"embeddable":true,"href":"https:\/\/www.dwtool.com\/index.php?rest_route=\/wp\/v2\/media\/3308"}],"wp:attachment":[{"href":"https:\/\/www.dwtool.com\/index.php?rest_route=%2Fwp%2Fv2%2Fmedia&parent=3307"}],"wp:term":[{"taxonomy":"product_brand","embeddable":true,"href":"https:\/\/www.dwtool.com\/index.php?rest_route=%2Fwp%2Fv2%2Fproduct_brand&post=3307"},{"taxonomy":"product_cat","embeddable":true,"href":"https:\/\/www.dwtool.com\/index.php?rest_route=%2Fwp%2Fv2%2Fproduct_cat&post=3307"},{"taxonomy":"product_tag","embeddable":true,"href":"https:\/\/www.dwtool.com\/index.php?rest_route=%2Fwp%2Fv2%2Fproduct_tag&post=3307"}],"curies":[{"name":"wp","href":"https:\/\/api.w.org\/{rel}","templated":true}]}}