{"id":3752,"date":"2019-05-24T06:50:07","date_gmt":"2019-05-24T06:50:07","guid":{"rendered":"https:\/\/www.dwtool.com\/?product=toyota-a-c-pince-outil-extraction-asttoy200"},"modified":"2025-10-07T07:20:33","modified_gmt":"2025-10-07T07:20:33","slug":"toyota-a-c-pince-outil-extraction-asttoy200","status":"publish","type":"product","link":"https:\/\/www.dwtool.com\/?product=toyota-a-c-pince-outil-extraction-asttoy200","title":{"rendered":"Toyota A\/C Pince Outil Extraction ASTTOY200"},"content":{"rendered":"<p><meta name=\"viewport\" content=\"width=device-width, initial-scale=1.0\"><\/p>\n<div style=\"background-color: white !important; border:1px solid #ccc !important; width: 90% !important; padding: 6px !important; margin: auto !important; text-align: left !important; font-size:14px !important; line-height:24px !important;\">Les commandes r\u00e9alis\u00e9es \u00e0 partir des \u00c9tats-Unis, peuvent \u00eatre soumises \u00e0 des taxes d&#8217;importation et droits de douane, que l&#8217;acheteur est tenu responsable de payer.<\/p>\n<h2 style=\"font-size:18px !important;\">Toyota A\/C Pince Outil Extraction ASTTOY200<\/h2>\n<div>Cette fiche produit est originalement \u00e9crite en anglais. Veuillez trouver ci dessous une traduction automatique en fran\u00e7ais. Si vous avez des questions veuillez nous contacter.<\/div>\n<\/div>\n<p><html><head><meta content=\"text\/html; charset=UTF-8\" http-equiv=\"Content-Type\"\/><\/head><body><font rwr=\"1\" size=\"4\" style=\"font-family:Arial\"><!--eBayMobile-Description-HTML--><\/p>\n<h1 class=\"parseasinTitle \" style=\"font-family: Arial, Helvetica, sans-serif; font-size: 1.7em; font-weight: normal; margin-bottom: 0px; margin-top: 0px; background-color: rgb(255, 255, 255);\"><span id=\"btAsinTitle\">Outil de d\u00e9pose de pince AST TOY 200 A \/ C pour Toyota<\/span><\/h1>\n<div><span><br \/><\/span><\/div>\n<div>\n<p style=\"font-family: Verdana, 'Trebuchet MS', sans-serif; font-size: 12px; background-color: rgb(255, 255, 255);\"><strong>Caract\u00e9ristiques et avantages:<\/strong><\/p>\n<ul style=\"font-family: Verdana, 'Trebuchet MS', sans-serif; font-size: 12px; background-color: rgb(255, 255, 255);\">\n<li><b>Convient aux deux Clamps Toyota AC, utilis\u00e9es sur les conduites haute et basse pression<\/b><\/li>\n<li><b>Il y a lieu de 1998 et plus r\u00e9cents mod\u00e8les Toyota<\/b><\/li>\n<li><b>Lib\u00e9ration des broches en acier inoxydable<\/b><\/li>\n<li><b>Identifications et les instructions sont marqu\u00e9s au laser sur la poign\u00e9e<\/b><\/li>\n<\/ul>\n<div><font face=\"Verdana, Trebuchet MS, sans-serif\"><span style=\"font-size: 12px;\"><b><br \/><\/b><\/span><\/font><\/div>\n<\/div>\n<div><img decoding=\"async\" alt=\"Photo\" src=\"https:\/\/image.ibb.co\/bEryqd\/irtool.jpg\"\/><\/div>\n<p><\/font><\/body><\/html><\/p>\n<table>\n<tbody>\n<tr>\n<td>Brand<\/td>\n<td>ASSENMACHER<\/td>\n<\/tr>\n<tr>\n<td>Manufacturer Part Number<\/td>\n<td>TOY200<\/td>\n<\/tr>\n<tr>\n<td>UPC<\/td>\n<td>Does not apply<\/td>\n<\/tr>\n<\/tbody>\n<\/table>\n","protected":false},"excerpt":{"rendered":"<p>Les commandes r\u00e9alis\u00e9es \u00e0 partir des \u00c9tats-Unis, peuvent \u00eatre soumises \u00e0 des taxes d&#8217;importation et droits de douane, que l&#8217;acheteur est tenu responsable de payer. Toyota A\/C Pince Outil Extraction ASTTOY200 Cette fiche produit est originalement \u00e9crite en anglais. Veuillez trouver ci dessous une traduction automatique en fran\u00e7ais. Si vous avez des questions veuillez nous&#8230;<\/p>\n","protected":false},"featured_media":3753,"comment_status":"closed","ping_status":"closed","template":"","meta":[],"product_brand":[],"product_cat":[21],"product_tag":[],"class_list":{"0":"post-3752","1":"product","2":"type-product","3":"status-publish","4":"has-post-thumbnail","6":"product_cat-other","7":"pa_marque-assenmacher","8":"pa_numero-de-piece-fabricant-toy200","10":"first","11":"instock","12":"taxable","13":"shipping-taxable","14":"purchasable","15":"product-type-simple"},"_links":{"self":[{"href":"https:\/\/www.dwtool.com\/index.php?rest_route=\/wp\/v2\/product\/3752","targetHints":{"allow":["GET"]}}],"collection":[{"href":"https:\/\/www.dwtool.com\/index.php?rest_route=\/wp\/v2\/product"}],"about":[{"href":"https:\/\/www.dwtool.com\/index.php?rest_route=\/wp\/v2\/types\/product"}],"replies":[{"embeddable":true,"href":"https:\/\/www.dwtool.com\/index.php?rest_route=%2Fwp%2Fv2%2Fcomments&post=3752"}],"wp:featuredmedia":[{"embeddable":true,"href":"https:\/\/www.dwtool.com\/index.php?rest_route=\/wp\/v2\/media\/3753"}],"wp:attachment":[{"href":"https:\/\/www.dwtool.com\/index.php?rest_route=%2Fwp%2Fv2%2Fmedia&parent=3752"}],"wp:term":[{"taxonomy":"product_brand","embeddable":true,"href":"https:\/\/www.dwtool.com\/index.php?rest_route=%2Fwp%2Fv2%2Fproduct_brand&post=3752"},{"taxonomy":"product_cat","embeddable":true,"href":"https:\/\/www.dwtool.com\/index.php?rest_route=%2Fwp%2Fv2%2Fproduct_cat&post=3752"},{"taxonomy":"product_tag","embeddable":true,"href":"https:\/\/www.dwtool.com\/index.php?rest_route=%2Fwp%2Fv2%2Fproduct_tag&post=3752"}],"curies":[{"name":"wp","href":"https:\/\/api.w.org\/{rel}","templated":true}]}}