{"id":4261,"date":"2019-07-28T17:52:39","date_gmt":"2019-07-28T17:52:39","guid":{"rendered":"https:\/\/www.dwtool.com\/?product=manual-pastilla-de-freno-galga-forro-grosor-calibre-herramienta"},"modified":"2025-10-17T19:25:56","modified_gmt":"2025-10-17T19:25:56","slug":"manual-pastilla-de-freno-galga-forro-grosor-calibre-herramienta","status":"publish","type":"product","link":"https:\/\/www.dwtool.com\/?product=manual-pastilla-de-freno-galga-forro-grosor-calibre-herramienta","title":{"rendered":"Manual Pastilla de Freno Galga Forro Grosor Calibre Herramienta"},"content":{"rendered":"<p><meta name=\"viewport\" content=\"width=device-width, initial-scale=1.0\"><\/p>\n<div style=\"background-color: white !important; border:1px solid #ccc !important; width: 90% !important; padding: 6px !important; margin: auto !important; text-align: left !important; font-size:14px !important; line-height:24px !important;\">Al realizar un pedido desde los EE. UU. los paquetes pueden estar sujetos a impuestos de importaci\u00f3n y a los aranceles, que el comprador debe pagar.<\/p>\n<h2 style=\"font-size:18px !important;\">Manual Pastilla de Freno Galga Forro Grosor Calibre Herramienta<\/h2>\n<div>Esta ficha t\u00e9cnica del producto ha sido originalmente escrita en ingl\u00e9s. A continuaci\u00f3n puede encontrar una traducci\u00f3n autom\u00e1tica al espa\u00f1ol. Si usted tiene alguna pregunta por favor p\u00f3ngase en contacto con nosotros.<\/div>\n<\/div>\n<p><html><head><\/head><body><\/p>\n<p><b><font face=\"Trebuchet MS\" style=\"color:rgb(51,51,51); \">Herramienta de calibre de espesor de revestimiento de pastillas de freno GRATIS S \/ H # 1335 o U2190<\/font><\/b><\/p>\n<p><\/p>\n<p align=\"left\" style=\"text-indent:0px; margin-left:36px; \"><font face=\"Arial\" style=\"background-color:rgb(255,255,255); \">\u2022 Dise\u00f1o especial para brindar a los clientes una medici\u00f3n precisa de la cantidad de forro de freno que queda sin adivinar<\/font><\/p>\n<p align=\"left\" style=\"text-indent:0px; margin-left:36px; \"><font face=\"Arial\" style=\"background-color:rgb(255,255,255); \">\u2022 Talla:\u00a0<\/font><font face=\"Arial\">\u2028<\/font><font face=\"Arial\" style=\"color:rgb(153,0,0); background-color:rgb(255,255,255); \">rojo<\/font><font face=\"Arial\" style=\"background-color:rgb(255,255,255); \">: 2, 3 mm-Malo,\u00a0<\/font><font face=\"Arial\">\u2028<\/font><font face=\"Arial\" style=\"color:rgb(255,204,0); background-color:rgb(255,255,255); \">Amarillo<\/font><font face=\"Arial\" style=\"background-color:rgb(255,255,255); \">: 4, 5, 6 mm-Peligroso,\u00a0<\/font><font face=\"Arial\">\u2028<\/font><font face=\"Arial\" style=\"color:rgb(0,153,51); background-color:rgb(255,255,255); \">Verde<\/font><font face=\"Arial\" style=\"background-color:rgb(255,255,255); \">: 8, 10, 12 mm-Bueno<\/font><\/p>\n<p align=\"left\" style=\"text-indent:0px; margin-left:36px; \"><font face=\"Arial\">\u2022 \ufffc acero hecho<\/font><\/p>\n<p align=\"center\"><font face=\"Arial\">Su navegador no soporta JavaScript. Para ver esta p\u00e1gina, habilite JavaScript si est\u00e1 deshabilitado o actualice su navegador. <\/font><\/p>\n<p align=\"center\"><font face=\"Arial\">Su navegador no soporta JavaScript. Para ver esta p\u00e1gina, habilite JavaScript si est\u00e1 deshabilitado o actualice su navegador. <\/font><\/p>\n<p align=\"center\"><font face=\"Arial\">\ufffc<\/font><\/p>\n<p align=\"center\"><u><b><font face=\"Verdana\" style=\"color:rgb(0,0,255); \">Haga clic aqu\u00ed. Duplica tu tr\u00e1fico. Obtenga la Galer\u00eda Vendio &#8211; \u00a1Ahora GRATIS!<\/font><\/b><\/u><\/p>\n<div style=\"display: none\">\n<div typeof=\"Product\" vocab=\"https:\/\/schema.org\/\"><span property=\"description\">Herramienta de calibre de espesor de revestimiento de pastillas de freno GRATIS S \/ H # 1335 o U2190 \u2022 Dise\u00f1o especial para brindar a los clientes una medici\u00f3n precisa de la cantidad de forro de freno que queda sin adivinar \u2022 Talla:\u00a0\u2028rojo: 2, 3 mm-Malo,\u00a0\u2028Amarillo: 4, 5, 6 mm-Peligroso,\u00a0\u2028Verde: 8, 10, 12 mm-Bueno \u2022 \ufffc acero hecho Su navegador no soporta JavaScript. Para ver esta p\u00e1gina, habilite JavaScript si est\u00e1 deshabilitado o actualice su navegador. Su navegador no soporta JavaScript. Para ver esta p\u00e1gina, habilite JavaScript si est\u00e1 deshabilitado o actualice su navegador. \ufffc Haga clic aqu\u00ed. Duplica tu tr\u00e1fico. Obtenga la Galer\u00eda Vendio &#8211; \u00a1Ahora GRATIS!<\/span><\/div>\n<\/div>\n<p><\/body><\/html><\/p>\n<table>\n<tbody>\n<tr>\n<td>Warranty<\/td>\n<td>Yes<\/td>\n<\/tr>\n<tr>\n<td>Tool Type<\/td>\n<td>Hand Tools<\/td>\n<\/tr>\n<tr>\n<td>Brand<\/td>\n<td>KTC<\/td>\n<\/tr>\n<tr>\n<td>Manufacturer Part Number<\/td>\n<td>KTC u2190<\/td>\n<\/tr>\n<tr>\n<td>UPC<\/td>\n<td>Does not apply<\/td>\n<\/tr>\n<tr>\n<td>Part Brand<\/td>\n<td>KTC<\/td>\n<\/tr>\n<\/tbody>\n<\/table>\n","protected":false},"excerpt":{"rendered":"<p>Al realizar un pedido desde los EE. UU. los paquetes pueden estar sujetos a impuestos de importaci\u00f3n y a los aranceles, que el comprador debe pagar. Manual Pastilla de Freno Galga Forro Grosor Calibre Herramienta Esta ficha t\u00e9cnica del producto ha sido originalmente escrita en ingl\u00e9s. A continuaci\u00f3n puede encontrar una traducci\u00f3n autom\u00e1tica al espa\u00f1ol&#8230;.<\/p>\n","protected":false},"featured_media":4262,"comment_status":"closed","ping_status":"closed","template":"","meta":[],"product_brand":[],"product_cat":[21],"product_tag":[],"class_list":{"0":"post-4261","1":"product","2":"type-product","3":"status-publish","4":"has-post-thumbnail","6":"product_cat-other","7":"pa_garantia-del-fabricante-si","8":"pa_marca-ktc","9":"pa_marca-de-pieza-ktc","10":"pa_mpn-ktc-u2190","11":"pa_tipo-de-herramienta-herramientas","13":"first","14":"instock","15":"taxable","16":"shipping-taxable","17":"purchasable","18":"product-type-simple"},"_links":{"self":[{"href":"https:\/\/www.dwtool.com\/index.php?rest_route=\/wp\/v2\/product\/4261","targetHints":{"allow":["GET"]}}],"collection":[{"href":"https:\/\/www.dwtool.com\/index.php?rest_route=\/wp\/v2\/product"}],"about":[{"href":"https:\/\/www.dwtool.com\/index.php?rest_route=\/wp\/v2\/types\/product"}],"replies":[{"embeddable":true,"href":"https:\/\/www.dwtool.com\/index.php?rest_route=%2Fwp%2Fv2%2Fcomments&post=4261"}],"wp:featuredmedia":[{"embeddable":true,"href":"https:\/\/www.dwtool.com\/index.php?rest_route=\/wp\/v2\/media\/4262"}],"wp:attachment":[{"href":"https:\/\/www.dwtool.com\/index.php?rest_route=%2Fwp%2Fv2%2Fmedia&parent=4261"}],"wp:term":[{"taxonomy":"product_brand","embeddable":true,"href":"https:\/\/www.dwtool.com\/index.php?rest_route=%2Fwp%2Fv2%2Fproduct_brand&post=4261"},{"taxonomy":"product_cat","embeddable":true,"href":"https:\/\/www.dwtool.com\/index.php?rest_route=%2Fwp%2Fv2%2Fproduct_cat&post=4261"},{"taxonomy":"product_tag","embeddable":true,"href":"https:\/\/www.dwtool.com\/index.php?rest_route=%2Fwp%2Fv2%2Fproduct_tag&post=4261"}],"curies":[{"name":"wp","href":"https:\/\/api.w.org\/{rel}","templated":true}]}}